 28*n. Determine p(-3).
-12
Suppose 3*i + 3 = 18. Let y(d) = -2*d + 4. Calculate y(i).
-6
Let v(f) = -f + 2. Let c(t) = t - 10. Let k be c(17). Let o = k + -7. Calculate v(o).
2
Let v(f) be the first derivative of -f**2/2 + 7*f + 38. Calculate v(0).
7
Suppose 0 = -4*n + 3*b + 29, 3*n = 2*b + b + 24. Let g(m) be the second derivative of m**4/12 - 5*m**3/6 - 3*m**2 - 3*m. Determine g(n).
-6
Suppose -o = -y - 1, -5*y = o - 9 - 4. Let c(k) = -3*k**2 + k. Let f(h) = h**2 + h - 1. Let z(s) = c(s) + 2*f(s). Determine z(y).
0
Let y(u) = u**2 - 5*u + 4. Let q be y(4). Let v(t) = t + 27. What is v(q)?
27
Let u(y) = -129*y + 66*y + 64*y. Calculate u(-6).
-6
Let a(i) = i**3 - 3*i**2 - 6*i + 1. Let y be (-8)/28 + 150/35. Calculate a(y).
-7
Let h be (-52)/14 + 2/(-7). Let j = -1 + 3. Let d(f) = j - 4*f + 3*f - 2*f + 4*f. Give d(h).
-2
Suppose 0 = b - 4*b - 33. Let z(f) = 6*f**2 - 31*f - 16. Let p(x) = -x**2 + 6*x + 3. Let u(y) = b*p(y) - 2*z(y). Calculate u(-3).
2
Let w(c) = c**2 - 2*c - 1. Let b be 15/4 + (-3 + 5)/8. What is w(b)?
7
Let w be (7 + -8)*(2 - -15). Let y(i) = i + 18. Give y(w).
1
Let k = -6 - -8. Let c(a) be the third derivative of -a**5/30 + a**4/12 - a**3/6 - 9*a**2. Calculate c(k).
-5
Let n(i) = i - 17 + 3 + 29. Give n(0).
15
Let r(i) = -i**3 + i**2 + i + 5. Let p(v) = -v**3 + 8*v**2 - 8*v + 7. Let d be p(7). Calculate r(d).
5
Let s be (-1)/3 - (-21)/9. Suppose -s*b = 3*b. Let d(v) be the second derivative of -v**3/6 - 5*v**2/2 + 2*v. Determine d(b).
-5
Suppose 20 = 3*h - 7*h. Let p(w) = 2*w + 6. Determine p(h).
-4
Let u(v) = -3*v - 4. Let z be u(-3). Let h(x) = x**2 - 6*x - 3. What is h(z)?
-8
Let b(s) = -s**2 + 7*s + 1. Let k(p) = 4*p**2 - 15*p + 27. Let u(h) = -3*h**2 + 10*h - 18. Let w(g) = -5*k(g) - 7*u(g). Let f be w(-7). Give b(f).
11
Suppose -i = n - 10, -7*n + 2*n + 5*i = -90. Suppose -5*t + 54 = -2*l + n, -25 = 5*l. Let j(p) = p**2 - 6*p + 6. What is j(t)?
6
Suppose -c = 3*c - 8. Suppose 0 = -2*w + w + c. Let u(p) be the second derivative of -p**3/2 + p**2 + 7*p. Give u(w).
-4
Let z(x) = 10*x**3 - 22*x**2 + 6*x - 2. Let p(i) = 3*i**3 - 7*i**2 + 2*i - 1. Let f(h) = 7*p(h) - 2*z(h). Suppose 0 = 2*s - 4*s + 10. Give f(s).
7
Let b(h) = 3*h - 3 + 1 + 4. Let m(j) = -j**2 + j + 2. Let v be m(0). Calculate b(v).
8
Let v(d) = 35*d**2 + 21*d - 21. Let f(p) = -7*p**2 - 4*p + 4. Let w(h) = -21*f(h) - 4*v(h). Give w(1).
7
Let v(g) = -g**3 - 5 - 3 + 2 - 8*g**2. Calculate v(-8).
-6
Let q(g) = -g. Let d(i) = i**2 - i + 2. Suppose -4*n + 11 = -0*n - 3*h, -2 = -2*n - 2*h. Let r be d(n). What is q(r)?
-4
Suppose 11 = 3*x - l, 0*l - 7 = -5*x - 4*l. Suppose -d = -x*d + 2. Let y(o) be the third derivative of o**6/20 + o**5/60 - o**3/6 + o**2. What is y(d)?
6
Let k(m) = 2*m**2 - 4*m - 7. Let y be -2 + (5 - 4) - (-1 - 5). What is k(y)?
23
Let b = -41 + 37. Let g(i) = 4*i + 5. What is g(b)?
-11
Let t = 5 + -3. Let x be (3 - 0)/(t/2). Let w be x/6*1*-2. Let u(l) = 2*l + 1. What is u(w)?
-1
Let i(h) = -4 + h**2 + 3*h - h - 2*h. Suppose 1 = n + 2. Let c be 2 - n - 24/4. Calculate i(c).
5
Let s(v) = 5*v + 4 - 1 - 3*v. Let o be (-4*4/8)/2. Let i be o*(1 + 5 + -3). Calculate s(i).
-3
Let b(f) = f**2 - 3*f + 2. Let z be b(4). Let u(q) = q**2 + 4*q - z + 3 + 5 - 3. Give u(-4).
-1
Let f(k) be the second derivative of -k**3/6 - 4*k**2 - 2*k. Let y = 41 - 29. Suppose -y - 13 = 5*d. Determine f(d).
-3
Let f(d) = d + 1. Let v(o) = o**2 + 7*o + 7. Let w(n) = -4*f(n) - v(n). Let k be (-1)/(1/10 + 0). Let m be w(k). Let l(i) = -4*i**3 + i**2 + i. Determine l(m).
4
Let x(n) = n + 13. Let b be x(-10). Let y(f) = -3*f + f - 1 + 2 + 0. Calculate y(b).
-5
Let n(r) be the third derivative of -r**4/8 - r**3/3 + 4*r**2. Determine n(-3).
7
Let i(t) be the third derivative of -1/8*t**4 - t**2 + 0*t + 0 + 0*t**3. Let j = 8 - 5. Determine i(j).
-9
Let u(o) = -2*o - 4. Let d(s) = s + 1. Let w(t) = 6*d(t) + 2*u(t). What is w(3)?
4
Let l(w) = w**3 - 3*w**2 - w - 2. Let x be (3/3)/((-2)/(-6)). Suppose 6*o - 9 = x*o. Calculate l(o).
-5
Let a(f) = -6*f**3 - 4*f**2 + f + 3. Let g(b) = -7*b**3 - 4*b**2 + 2*b + 4. Let p(h) = -6*a(h) + 5*g(h). Suppose 24 = -i - 7*i. What is p(i)?
-1
Let h(q) = q**2 - 3*q + 3. Let i(j) = j**2 + 7*j + 2. Let w be i(0). What is h(w)?
1
Let w(y) = -2*y + 4*y**2 - 4*y**2 + y**2 - 7 + 8*y. Calculate w(-7).
0
Let g = 1 - -15. Suppose 6*j - g = 10*j. Let t(y) = -y**3 - 3*y**2 + y - 4. What is t(j)?
8
Suppose 0 = -x - 2 - 1. Let z(a) = 6*a + 9. Let b(p) = -5*p - 8. Let f(c) = 5*b(c) + 4*z(c). Give f(x).
-1
Let z(d) = -2*d + 6. Let m(i) be the first derivative of -i**2/2 - 5*i - 1. Let x be m(-5). Let v be (-6)/(-3)*2 - x. Give z(v).
-2
Let h(r) = 7*r + 3. Let k(o) = 8*o + 4. Let x(c) = -6*h(c) + 5*k(c). Suppose -2*w - 15 = -7*w. Suppose w*y + 6 = 6*y. What is x(y)?
-2
Suppose 0 = 3*c + c. Let v be 2/(3/3 + c). Let i(o) = 2*o + o - v*o. What is i(1)?
1
Let z(f) = f**2 + 3 + 4 - 3 - 5 - f. Suppose -7 = 5*j - 2. What is z(j)?
1
Let o(g) = -9 + 3*g + 5 + 10 - 2*g. What is o(-6)?
0
Suppose -7 = -y - 3. Let u be (-2)/9 + (-40)/(-18). Let m(z) = u*z**2 - 2*z - z**2 - 4*z**2 + z**3 - 5. What is m(y)?
3
Suppose x - 6 = -5*v, x - v + 6 = -0. Let n be 2/x + (-5)/(-2). Let r(i) be the third derivative of -i**6/120 + i**5/20 - i**3/3 + 6*i**2. Determine r(n).
2
Let t(r) = 17 - 2*r + r - 5. Give t(8).
4
Let a(w) = w. Suppose 0*v - 3*v = 2*l + 8, 0 = 3*l + v - 2. Calculate a(l).
2
Let v(u) = -2*u + 4. Let l = 8 - 11. Let g(o) = -3*o + 7. Let t(w) = l*g(w) + 5*v(w). Calculate t(5).
-6
Let a(p) = 3*p**3 - p + 1. Suppose 0 = -0*h + h - 6. Let c(l) = -1 + l - 2 - 2. Let y be c(h). Calculate a(y).
3
Let m(y) = -2*y**2 - y**2 - y**2 + y**2 - 2*y**3 + 1. What is m(-2)?
5
Let r(o) = -2*o + 7. Suppose 5*x = 2*x - 342. Let l be x/(-18) - (-2)/(-6). Determine r(l).
-5
Let x(v) = 2*v + 2. Suppose 15 = 2*h + h. Suppose 8 = -2*o - 5*f, -16 = -o + h*o + 3*f. Give x(o).
-6
Let m(w) = w**2 - 7*w + 7. Let x be m(6). Let a = 3 - x. Let z(r) = -4*r - r - a*r. What is z(1)?
-7
Let b = -5 + 3. Let t be (-12)/(-3) + b/2. Suppose t*g - 9 = -0. Let l(y) = -2*y + 2. Determine l(g).
-4
Let z(q) = 7*q - 31*q**2 + 3*q**3 - 2*q**3 - 5 + 25*q**2. What is z(4)?
-9
Let g(q) = -5*q + 7. Let n = 4 + -6. Let t(a) = -2*a + 2. Let h(c) = n*g(c) + 7*t(c). What is h(-2)?
8
Let r(a) = -a**3 - 7*a**2 - 2*a - 9. Let o be r(-7). Let q(b) = b**3 - 3*b**2 - 8*b + 5. Calculate q(o).
15
Let k(o) = -2*o**2 + o**2 + o**2 + 6*o - o**2 - 3. Calculate k(5).
2
Let s(c) be the second derivative of -c**4/12 - 7*c**3/6 - 9*c**2/2 + 8*c. Calculate s(-7).
-9
Let m(c) be the second derivative of c**5/20 - c**3/2 + 3*c**2/2 + 3*c. Give m(2).
5
Let t(p) = 11*p**2 - p - 1. Suppose -w - 3*q = 5, 5*w - 10 - 19 = 3*q. Let c = w - 2. Suppose 0 = 4*n - 3*u + 13, 3*u = -5*n + c*n + 6. Give t(n).
11
Suppose -m = -0*m + 5. Let x(r) = r + 5. Give x(m).
0
Let k be (-6)/10*(-1 + -4). Let h(q) = -q**2 + 1. Let y(s) = s**3 - 5*s**2 + 1 + 0*s + 0*s**2 + s. Let w(r) = h(r) - y(r). Calculate w(k).
6
Let h(f) be the second derivative of 1/4*f**4 - 2*f + 1/20*f**5 - 1/2*f**3 + 0 + 0*f**2. Suppose 0 = 3*g - 5*y + y + 13, 8 = -2*g + 2*y. What is h(g)?
9
Let c(y) = 5*y + 4. Suppose 5*k + k = -18. Calculate c(k).
-11
Suppose -2 = -2*q + 2. Let n(j) be the first derivative of -1 - 2/3*j**3 + 1/4*j**4 - 2*j + 0*j**2. Calculate n(q).
-2
Let c(g) = -1. Let v(w) = w**3 + 4*w**2 - 8*w + 1. Let i(a) = 6*c(a) + v(a). What is i(-5)?
10
Let x(w) = -2*w**3 - 4*w**2 - 3*w - 2. Let y = -5 - -7. Suppose 0 = -y*c - 78 + 24. Let s be 6/c - 32/18. Give x(s).
4
Suppose -5*p + 25 = -5*a, -3*p + 18 = 4*a + 3. Let i(g) = 5*g + 0 + 8 - g**2 - 1. Calculate i(p).
7
Suppose 0 = -2*x + 2 + 4. Let q(o) = -5*o**3 + 3*o**3 + 2*o**2 - 5*o + x*o**3 - 2. Calculate q(-3).
4
Let t(m) = -m**3 + m**2 - m - 22. Let d(c) = c**3 - 5*c**2 + 4*c. Let u be d(4). What is t(u)?
-22
Let a(n) be the second derivative of 3*n**5/20 - n**4/12 + n**2/2 + 7*n. Determine a(-1).
-3
Let c(h) = 8 + h**2 - 2 + 2*h + 2 + 4*h. Calculate c(-6).
8
Let p(y) be the third derivative of y**6/120 - y**5/60 + 7*y**3/6 + 2*y**2 - 14*y. Give p(0).
7
Let w(t) = t - 3. Suppose -3*c + 5*c = -18. Let u = 65 - 70. Let g = u - c. Calculate w(g).
1
Let y(w) be the first derivative of w**3/3 - w**2 - 2*w + 7. Let t(l) = -l**2 - l - 1. 